?
False
Is 74615 composite?
True
Is 537109 prime?
False
Is 48463 a prime number?
True
Is 499217 prime?
False
Is 2333 a prime number?
True
Is 333961 prime?
False
Is 32099 a prime number?
True
Is 76801 prime?
True
Is 33869 composite?
True
Is 10843 a composite number?
True
Is 4919 a prime number?
True
Is 3270633 a composite number?
True
Is 45947 composite?
True
Is 38993 composite?
False
Is 3343 composite?
False
Is 141497 a composite number?
False
Is 36433 prime?
True
Is 34517 composite?
True
Is 1949 prime?
True
Is 4391 a prime number?
True
Is 45751 prime?
True
Is 963098 a prime number?
False
Is 9533 a prime number?
True
Is 18191 a composite number?
False
Is 26653 prime?
False
Is 3389 a composite number?
False
Is 29647 prime?
False
Is 29917 prime?
True
Is 4666 a composite number?
True
Is 12499 a composite number?
True
Is 72439 a prime number?
False
Is 4493 a composite number?
False
Is 11749 prime?
False
Is 1657 prime?
True
Is 11369 prime?
True
Is 6823 a composite number?
False
Is 2177519 a composite number?
False
Is 10823 prime?
False
Is 1225535 composite?
True
Is 167723 a prime number?
False
Is 491671 composite?
True
Is 38851 composite?
False
Is 167387 composite?
True
Is 363421 prime?
False
Is 35071 a prime number?
False
Is 14318 prime?
False
Is 19853 composite?
False
Is 3377 prime?
False
Is 21271 a prime number?
False
Is 390907 prime?
False
Is 23033 a composite number?
True
Is 6619 a composite number?
False
Is 119747 composite?
False
Is 221281 prime?
True
Is 15166 a prime number?
False
Is 50449 prime?
False
Is 717053 composite?
True
Is 3511 a composite number?
False
Is 1535 a prime number?
False
Is 2321 a composite number?
True
Is 147761 composite?
False
Is 6637 a composite number?
False
Is 8927 a composite number?
True
Is 95549 a composite number?
False
Is 78397 composite?
True
Is 32113 composite?
True
Is 11303 a prime number?
False
Is 24763 prime?
True
Is 2052383 a prime number?
False
Is 1099247 a composite number?
False
Is 6971 composite?
False
Is 987283 composite?
True
Is 42899 a prime number?
True
Is 3091 prime?
False
Is 1519039 prime?
True
Is 40111 prime?
True
Is 50353 prime?
False
Is 5051 prime?
True
Is 24557 a prime number?
False
Is 109481 a composite number?
False
Is 66481 prime?
False
Is 1141 composite?
True
Is 145291 a prime number?
False
Is 90169 a composite number?
True
Is 5191 a composite number?
True
Is 48133 a prime number?
False
Is 45007 composite?
False
Is 3271 composite?
False
Is 143711 a composite number?
False
Is 418511 a composite number?
False
Is 3326 a composite number?
True
Is 1093931 a prime number?
False
Is 89189 a prime number?
True
Is 196187 a prime number?
True
Is 37957 a prime number?
True
Is 15706 prime?
False
Is 787 a composite number?
False
Is 433703 composite?
False
Is 2309863 composite?
False
Is 30781 composite?
False
Is 102643 prime?
True
Is 362931 prime?
False
Is 187 a prime number?
False
Is 1711 prime?
False
Is 34807 prime?
True
Is 743 a prime number?
True
Is 501973 a composite number?
True
Is 1371 a composite number?
True
Is 104915 composite?
True
Is 14621 prime?
True
Is 2219 a prime number?
False
Is 629 a prime number?
False
Is 253451 a composite number?
True
Is 13291 prime?
True
Is 18971 a prime number?
False
Is 9897 a composite number?
True
Is 18201 a prime number?
False
Is 5645 prime?
False
Is 42971 composite?
True
Is 877 composite?
False
Is 20087 a prime number?
False
Is 145067 a composite number?
True
Is 82457 composite?
False
Is 94319 prime?
False
Is 5619805 composite?
True
Is 519031 composite?
False
Is 67637 a prime number?
False
Is 1027 a prime number?
False
Is 72487 a composite number?
True
Is 14347 a prime number?
True
Is 157 a composite number?
False
Is 100019 a composite number?
False
Is 278899 a prime number?
False
Is 16183 a composite number?
False
Is 1416309 a prime number?
False
Is 20807 composite?
False
Is 781 composite?
True
Is 611607 a prime number?
False
Is 1051139 a composite number?
False
Is 1043077 prime?
False
Is 4493 composite?
False
Is 11677 prime?
True
Is 18883 a prime number?
False
Is 57311 composite?
True
Is 39755 a composite number?
True
Is 118126 a prime number?
False
Is 4481 a prime number?
True
Is 375281 a prime number?
True
Is 44719 a composite number?
True
Is 21701 a prime number?
True
Is 577219 a prime number?
True
Is 475217 a prime number?
False
Is 68621 prime?
False
Is 16413 a composite number?
True
Is 8197 a prime number?
False
Is 293 a prime number?
True
Is 32467 prime?
True
Is 53477 a composite number?
True
Is 72019 a composite number?
False
Is 1273289 a composite number?
False
Is 3503017 composite?
True
Is 92033 prime?
True
Is 376547 a prime number?
True
Is 175019 prime?
False
Is 60353 a composite number?
False
Is 320167 composite?
True
Is 20211 composite?
True
Is 11623 composite?
True
Is 505795 a composite number?
True
Is 202907 a prime number?
True
Is 66841 a composite number?
False
Is 17002 composite?
True
Is 42277 a prime number?
False
Is 201631 a prime number?
False
Is 15853 composite?
True
Is 6933 a composite number?
True
Is 782959 a composite number?
True
Is 95143 a composite number?
False
Is 367033 a prime number?
True
Is 26483 a composite number?
True
Is 50327 a prime number?
False
Is 82529 composite?
False
Is 576377 a prime number?
True
Is 4547 a prime number?
True
Is 11657 prime?
True
Is 554521 composite?
True
Is 998 a composite number?
True
Is 6469 a prime number?
True
Is 9803 composite?
False
Is 6073 composite?
False
Is 63287 prime?
False
Is 75589 a prime number?
False
Is 2371 prime?
True
Is 20761 composite?
True
Is 90887 composite?
False
Is 102923 a composite number?
True
Is 146819 prime?
True
Is 21039 prime?
False
Is 838 prime?
False
Is 998599 a composite number?
True
Is 1502 composite?
True
Is 1167 a prime number?
False
Is 51587 prime?
False
Is 660119 composite?
False
Is 1649 a composite number?
True
Is 413059 a prime number?
False
Is 7901 prime?
True
Is 150779 composite?
False
Is 91727 a prime number?
False
Is 36817 composite?
True
Is 11821 a prime number?
True
Is 2288581 a prime number?
True
Is 192749 prime?
True
Is 59651 a composite number?
False
Is 2678135 composite?
True
Is 1201 a prime number?
True
Is 2927 a prime number?
True
Is 88117 prime?
True
Is 111713 prime?
False
Is 56073 a prime number?
False
Is 111019 composite?
True
Is 170167 a prime number?
True
Is 9965 prime?
False
Is 96097 a composite number?
False
Is 10421 a prime number?
False
Is 68993 composite?
False
Is 14963 a prime number?
False
Is 53839 composite?
True
Is 55591 prime?
False
Is 673859 composite?
True
Is 74581 prime?
False
Is 5851 a prime number?
True
Is 417931 a composite number?
False
Is 7621 composite?
False
Is 5981 composite?
False
Is 3110599 a composite number?
True
Is 52135 prime?
False
Is 6217 a prime number?
True
Is 33683 composite?
True
Is 13781 composite?
False
Is 416998 composite?
True
Is 568641 a composite number?
True
Is 16859 composite?
True
Is 14843 a prime number?
True
Is 992513 prime?
True
Is 176899 a composite number?
False
Is 1403 composite?
True
Is 132155 prime?
False
Is 13745 a composite number?
True
Is 1992531 a composite number?
True
Is 2845 a composite number?
True
Is 953279 composite?
True
Is 7985 a composite number?
True
Is 83933 prime?
True
Is 42877 prime?
False
Is 105837 composite?
True
Is 892547 a composite number?
False
Is 329 a prime number?
False
Is 126097 a composite number?
False
Is 1597 a composite number?
False
Is 2521 a composite number?
False
Is 3146939 a prime number?
False
Is 177959 a prime number?
False
Is 21247 composite?
False
Is 149654 composite?
True
Is 37399 prime?
False
Is 18527 a prime number?
False
Is 406117 a composite number?
False
Is 30389 prime?
True
Is 2722817 prime?
False
Is 8513 a composite number?
False
Is 551833 prime?
False
Is 53987 composite?
False
Is 22679 a prime number?
True
Is 12779 a composite number?
True
Is 301123 composite?
False
Is 57569 prime?
False
Is 487133 a prime number?
True
Is 435577 composite?
False
Is 6773 a prime number?
False
Is 5789 a composite number?
True
Is 239905 a prime number?
False
Is 62677 a prime number?
False
Is 16691 a composite number?
False
Is 244581 a composite number?
True
Is 2807 composite?
True
Is 138739 a composite number?
False
Is 16973 composite?
True
Is 365029 a prime n